{"id":327,"date":"2020-06-12T16:04:17","date_gmt":"2020-06-12T14:04:17","guid":{"rendered":"http:\/\/trois-barres.com\/?page_id=327"},"modified":"2026-01-06T11:40:36","modified_gmt":"2026-01-06T10:40:36","slug":"accueil","status":"publish","type":"page","link":"https:\/\/trois-barres.com\/","title":{"rendered":"Accueil"},"content":{"rendered":"<div id=\"pl-327\"  class=\"panel-layout\" ><div id=\"pg-327-0\"  class=\"panel-grid panel-has-style\" ><div class=\"siteorigin-panels-stretch panel-row-style panel-row-style-for-327-0\" style=\"background-image: url(https:\/\/trois-barres.com\/wp-content\/uploads\/2020\/06\/kody-dahl-b4-Ep-dDJ9k-unsplash.jpg);padding: 100px 0; \" data-stretch-type=\"full-stretched\" data-hasbg=\"hasbg\" data-overlay=\"true\" data-overlay-color=\"#000000\" ><div id=\"pgc-327-0-0\"  class=\"panel-grid-cell panel-grid-cell-empty\" ><\/div><div id=\"pgc-327-0-1\"  class=\"panel-grid-cell panel-grid-cell-mobile-last\" ><div id=\"panel-327-0-1-0\" class=\"so-panel widget widget_text panel-first-child panel-last-child\" data-index=\"0\" ><div style=\"text-align: center;\" data-title-color=\"#ffffff\" data-headings-color=\"#443f3f\" class=\"panel-widget-style panel-widget-style-for-327-0-1-0\" ><h3 class=\"widget-title\">Prototypage &#038; industrialisation de nouveaux produits<\/h3>\t\t\t<div class=\"textwidget\"><p data-start=\"1215\" data-end=\"1323\">Pour startups \/ PME qui innovent :<\/p>\n<ul>\n<li data-start=\"1215\" data-end=\"1323\">Passage du concept au mod\u00e8le 3D<\/li>\n<li data-start=\"1366\" data-end=\"1406\">\n<p data-start=\"1368\" data-end=\"1406\">Pr\u00e9-dimensionnement, choix mat\u00e9riaux<\/p>\n<\/li>\n<li data-start=\"1410\" data-end=\"1448\">\n<p data-start=\"1412\" data-end=\"1448\">Prototypage, r\u00e9alisation en petite s\u00e9rie<\/p>\n<\/li>\n<li data-start=\"1452\" data-end=\"1498\">\n<p data-start=\"1454\" data-end=\"1498\">It\u00e9rations jusqu\u2019au produit industrialisable<\/p>\n<\/li>\n<\/ul>\n<p>Depuis la r\u00e9alisation du cahier des charges jusqu&rsquo;\u00e0 la certification du produit final, <em>Trois Barres<\/em> propose un support dans le d\u00e9veloppement de produits.<\/p>\n<p><a href=\"http:\/\/trois-barres.com\/?page_id=751\">En savoir plus.<\/a><\/p>\n<\/div>\n\t\t<\/div><\/div><\/div><div id=\"pgc-327-0-2\"  class=\"panel-grid-cell panel-grid-cell-empty\" ><\/div><\/div><\/div><div id=\"pg-327-1\"  class=\"panel-grid panel-has-style\" ><div class=\"siteorigin-panels-stretch panel-row-style panel-row-style-for-327-1\" style=\"background-image: url(https:\/\/trois-barres.com\/wp-content\/uploads\/2020\/06\/ruler-12466534.jpg);padding: 100px 0; \" data-stretch-type=\"full-stretched\" data-hasbg=\"hasbg\" data-overlay=\"true\" data-overlay-color=\"#000000\" ><div id=\"pgc-327-1-0\"  class=\"panel-grid-cell panel-grid-cell-empty\" ><\/div><div id=\"pgc-327-1-1\"  class=\"panel-grid-cell panel-grid-cell-mobile-last\" ><div id=\"panel-327-1-1-0\" class=\"so-panel widget widget_text panel-first-child panel-last-child\" data-index=\"1\" ><div style=\"text-align: center;\" data-title-color=\"#443f3f\" data-headings-color=\"#443f3f\" class=\"panel-widget-style panel-widget-style-for-327-1-1-0\" ><h3 class=\"widget-title\">Bureau d\u2019\u00e9tudes m\u00e9canique externalis\u00e9<\/h3>\t\t\t<div class=\"textwidget\"><p>Pour les PME industrielles qui ont un BE mais pas assez de bande passante.<\/p>\n<ul>\n<li data-start=\"800\" data-end=\"829\">\n<p data-start=\"802\" data-end=\"829\">Renfort en CAO 3D \/ plans<\/p>\n<\/li>\n<li data-start=\"800\" data-end=\"829\">Dimensionnement de pi\u00e8ces m\u00e9caniques<\/li>\n<li data-start=\"833\" data-end=\"869\">\n<p data-start=\"835\" data-end=\"869\">Calcul de structures m\u00e9talliques<\/p>\n<\/li>\n<li data-start=\"873\" data-end=\"917\">\n<p data-start=\"875\" data-end=\"917\">Validation de conception avant fabrication<\/p>\n<\/li>\n<\/ul>\n<p><a href=\"http:\/\/trois-barres.com\/?page_id=153\">En savoir plus.<\/a><\/p>\n<\/div>\n\t\t<\/div><\/div><\/div><div id=\"pgc-327-1-2\"  class=\"panel-grid-cell panel-grid-cell-empty\" ><\/div><\/div><\/div><div id=\"pg-327-2\"  class=\"panel-grid panel-has-style\" ><div class=\"siteorigin-panels-stretch panel-row-style panel-row-style-for-327-2\" style=\"background-image: url(https:\/\/trois-barres.com\/wp-content\/uploads\/2020\/06\/jordan-opel-EJd6PvoGWJg-unsplash.jpg);padding: 100px 0; \" data-stretch-type=\"full-stretched\" data-hasbg=\"hasbg\" data-overlay=\"true\" data-overlay-color=\"#000000\" ><div id=\"pgc-327-2-0\"  class=\"panel-grid-cell panel-grid-cell-empty\" ><\/div><div id=\"pgc-327-2-1\"  class=\"panel-grid-cell panel-grid-cell-mobile-last\" ><div id=\"panel-327-2-1-0\" class=\"so-panel widget widget_text panel-first-child panel-last-child\" data-index=\"2\" ><div style=\"text-align: center;\" data-title-color=\"#ffffff\" data-headings-color=\"#443f3f\" class=\"panel-widget-style panel-widget-style-for-327-2-1-0\" ><h3 class=\"widget-title\">Calcul &#038; justification de structures m\u00e9talliques<\/h3>\t\t\t<div class=\"textwidget\"><p data-start=\"922\" data-end=\"1059\">Pour charpentiers m\u00e9talliques, machine sp\u00e9ciale, manutention, process, etc.<\/p>\n<ul data-start=\"1063\" data-end=\"1210\">\n<li data-start=\"1063\" data-end=\"1114\">\n<p data-start=\"1065\" data-end=\"1114\">V\u00e9rification de conformit\u00e9 \/ Eurocodes \/ normes<\/p>\n<\/li>\n<li data-start=\"1118\" data-end=\"1141\">\n<p data-start=\"1120\" data-end=\"1141\">Descente de charges<\/p>\n<\/li>\n<li data-start=\"1145\" data-end=\"1175\">\n<p data-start=\"1147\" data-end=\"1175\">Modes propres \/ vibrations<\/p>\n<\/li>\n<li data-start=\"1179\" data-end=\"1210\">\n<p data-start=\"1181\" data-end=\"1210\">Dossier de calcul cl\u00e9 en main<\/p>\n<\/li>\n<\/ul>\n<p><a href=\"http:\/\/trois-barres.com\/?page_id=715\">En savoir plus.<\/a><\/p>\n<\/div>\n\t\t<\/div><\/div><\/div><div id=\"pgc-327-2-2\"  class=\"panel-grid-cell panel-grid-cell-empty\" ><\/div><\/div><\/div><div id=\"pg-327-3\"  class=\"panel-grid panel-has-style\" ><div class=\"siteorigin-panels-stretch panel-row-style panel-row-style-for-327-3\" style=\"background-image: url(https:\/\/trois-barres.com\/wp-content\/uploads\/2020\/06\/books-1845614_1920.jpg);padding: 100px 0; \" data-stretch-type=\"full-stretched\" data-hasbg=\"hasbg\" data-overlay-color=\"#ffffff\" ><div id=\"pgc-327-3-0\"  class=\"panel-grid-cell panel-grid-cell-empty\" ><\/div><div id=\"pgc-327-3-1\"  class=\"panel-grid-cell panel-grid-cell-mobile-last\" ><div id=\"panel-327-3-1-0\" class=\"so-panel widget widget_text panel-first-child panel-last-child\" data-index=\"3\" ><div style=\"text-align: left;\" data-title-color=\"#443f3f\" data-headings-color=\"#443f3f\" class=\"panel-widget-style panel-widget-style-for-327-3-1-0\" ><h3 class=\"widget-title\">Pr\u00e9sentation<\/h3>\t\t\t<div class=\"textwidget\"><p><em>Trois-Barres<\/em>\u00a0r\u00e9alise des \u00e9tudes techniques dans les domaines de la m\u00e9canique et de la construction m\u00e9tallique.<\/p>\n<p>Cr\u00e9\u00e9e en 2017 et bas\u00e9e \u00e0 Aix-en-Provence elle intervient en support au pr\u00e8s d&rsquo;industriels et ma\u00eetres d&rsquo;oeuvre.<\/p>\n<p><em>Trois-Barres<\/em> mise sur l&rsquo;entrepreneuriat pour continuer d&rsquo;enrichir ses comp\u00e9tences. Et met un point d&rsquo;honneur \u00e0 collaborer en toute simplicit\u00e9 et professionnalisme.<\/p>\n<\/div>\n\t\t<\/div><\/div><\/div><div id=\"pgc-327-3-2\"  class=\"panel-grid-cell panel-grid-cell-empty\" ><\/div><\/div><\/div><\/div>","protected":false},"excerpt":{"rendered":"<p>Pour startups \/ PME qui innovent : Passage du concept au mod\u00e8le 3D Pr\u00e9-dimensionnement, choix mat\u00e9riaux Prototypage, r\u00e9alisation en petite s\u00e9rie It\u00e9rations jusqu\u2019au produit industrialisable Depuis la r\u00e9alisation du cahier des charges jusqu&rsquo;\u00e0 la certification du produit final, Trois Barres propose un support dans le d\u00e9veloppement de produits. En savoir plus. Pour les PME industrielles [&hellip;]<\/p>\n","protected":false},"author":1,"featured_media":0,"parent":0,"menu_order":0,"comment_status":"closed","ping_status":"closed","template":"page-templates\/page_front-page.php","meta":[],"_links":{"self":[{"href":"https:\/\/trois-barres.com\/index.php?rest_route=\/wp\/v2\/pages\/327"}],"collection":[{"href":"https:\/\/trois-barres.com\/index.php?rest_route=\/wp\/v2\/pages"}],"about":[{"href":"https:\/\/trois-barres.com\/index.php?rest_route=\/wp\/v2\/types\/page"}],"author":[{"embeddable":true,"href":"https:\/\/trois-barres.com\/index.php?rest_route=\/wp\/v2\/users\/1"}],"replies":[{"embeddable":true,"href":"https:\/\/trois-barres.com\/index.php?rest_route=%2Fwp%2Fv2%2Fcomments&post=327"}],"version-history":[{"count":197,"href":"https:\/\/trois-barres.com\/index.php?rest_route=\/wp\/v2\/pages\/327\/revisions"}],"predecessor-version":[{"id":817,"href":"https:\/\/trois-barres.com\/index.php?rest_route=\/wp\/v2\/pages\/327\/revisions\/817"}],"wp:attachment":[{"href":"https:\/\/trois-barres.com\/index.php?rest_route=%2Fwp%2Fv2%2Fmedia&parent=327"}],"curies":[{"name":"wp","href":"https:\/\/api.w.org\/{rel}","templated":true}]}}