{"id":715,"date":"2020-06-22T12:27:52","date_gmt":"2020-06-22T10:27:52","guid":{"rendered":"http:\/\/trois-barres.com\/?page_id=715"},"modified":"2020-06-23T17:01:28","modified_gmt":"2020-06-23T15:01:28","slug":"calcul-de-structure","status":"publish","type":"page","link":"https:\/\/trois-barres.com\/?page_id=715","title":{"rendered":"Calcul de structure"},"content":{"rendered":"<div id=\"pl-715\"  class=\"panel-layout\" ><div id=\"pg-715-0\"  class=\"panel-grid panel-has-style\" ><div style=\"padding: 100px 0; \" data-overlay=\"true\" data-overlay-color=\"#000000\" class=\"panel-row-style panel-row-style-for-715-0\" ><div id=\"pgc-715-0-0\"  class=\"panel-grid-cell\" ><div id=\"panel-715-0-0-0\" class=\"so-panel widget widget_sow-editor panel-first-child\" data-index=\"0\" ><div style=\"text-align: left;\" data-title-color=\"#443f3f\" data-headings-color=\"#443f3f\" class=\"panel-widget-style panel-widget-style-for-715-0-0-0\" ><div class=\"so-widget-sow-editor so-widget-sow-editor-base\"><h3 class=\"widget-title\">Calcul de Structure<\/h3>\n<div class=\"siteorigin-widget-tinymce textwidget\">\n\t<p>Le calcul de structure peut constituer la premi\u00e8re \u00e9tape dans la r\u00e9alisation d'un projet. Vous souhaitez pr\u00e9-dimensionner votre concept, r\u00e9aliser sa descente de charge ou en estimer son co\u00fbt. Plusieurs outils peuvent \u00eatre mis \u00e0 votre disposition afin de vous accompagner dans votre d\u00e9veloppement.<\/p>\n<p><em>Trois Barres<\/em> r\u00e9alise des \u00e9tudes d'ouvrages m\u00e9talliques pour industriels ou pour le b\u00e2timent. Vous souhaitez v\u00e9rifier la conformit\u00e9 d'un ouvrage? <em>Trois Barres<\/em> peut prendre en charge la v\u00e9rification de la structure, des assemblages et des ancrages. Depuis le post-traitement de pr\u00e9-\u00e9tudes (d\u00e9finition des cas de charges, soufflerie etc...) jusqu'\u00e0 la mise en plan pour fabrication.<\/p>\n<p><em>Trois Barres\u00a0<\/em>s'appuie principalement sur les <em>Eurocodes<\/em> pour valider un ouvrage. D'autres codes peuvent \u00eatre consid\u00e9r\u00e9 selon la sp\u00e9cificit\u00e9 du projet.<\/p>\n<\/div>\n<\/div><\/div><\/div><div id=\"panel-715-0-0-1\" class=\"so-panel widget widget_sydney_services_type_a sydney_services_widget panel-last-child\" data-index=\"1\" ><div style=\"text-align: left;\" data-title-color=\"#443f3f\" data-headings-color=\"#443f3f\" class=\"panel-widget-style panel-widget-style-for-715-0-0-1\" >\t\t\t\r\n\t\t\t\t\t\t\t\t\t\t\t\t\t\t\t\t\t\t\t\t\t\t\t\t\t\t\t\t\t<div class=\"service col-md-4\">\r\n\t\t\t\t\t\t\t\t\t\t\t\t\t<div class=\"roll-icon-box\">\r\n\t\t\t\t\t\t\t\t\t\t\t\t\t\t\t\t<div class=\"content\">\r\n\t\t\t\t\t\t\t\t\t<h3>\r\n\t\t\t\t\t\t\t\t\t\t\t\t\t\t\t\t\t\t\t\t\t\t\t\t\t\t\t\t\t\t\t\t\t\t\t\t\t\t\t\t<\/h3>\r\n\t\t\t\t\t\t\t\t\t\t\t\t\t\t\t\t\t\r\n\t\t\t\t\t\t\t\t\t\t<h4>Machines industrielles<\/h4>\n<p><img loading=\"lazy\" class=\"alignnone size-medium wp-image-740\" src=\"http:\/\/trois-barres.com\/wp-content\/uploads\/2020\/06\/Capture21-300x143.png\" alt=\"\" width=\"300\" height=\"143\" srcset=\"https:\/\/trois-barres.com\/wp-content\/uploads\/2020\/06\/Capture21-300x143.png 300w, https:\/\/trois-barres.com\/wp-content\/uploads\/2020\/06\/Capture21-768x367.png 768w, https:\/\/trois-barres.com\/wp-content\/uploads\/2020\/06\/Capture21-1024x489.png 1024w, https:\/\/trois-barres.com\/wp-content\/uploads\/2020\/06\/Capture21-830x396.png 830w, https:\/\/trois-barres.com\/wp-content\/uploads\/2020\/06\/Capture21-230x110.png 230w, https:\/\/trois-barres.com\/wp-content\/uploads\/2020\/06\/Capture21-350x167.png 350w, https:\/\/trois-barres.com\/wp-content\/uploads\/2020\/06\/Capture21-480x229.png 480w, https:\/\/trois-barres.com\/wp-content\/uploads\/2020\/06\/Capture21.png 1931w\" sizes=\"(max-width: 300px) 100vw, 300px\" \/><\/p>\n<h3>Dimensionnement de machines pour l&rsquo;industrie, optimisation des co\u00fbts.<\/h3>\n\t\t\t\t\t\t\t\t\t\t\t\t\t\t\t\t\t<\/div><!--.info-->\t\r\n\t\t\t\t\t\t\t<\/div>\r\n\t\t\t\t\t\t<\/div>\r\n\t\t\t\t\t\t\t\t\t\t\t\t\t\t\t\t\t\t\t\t\t\t\t\t\t\t\t\t\t<div class=\"service col-md-4\">\r\n\t\t\t\t\t\t\t\t\t\t\t\t\t<div class=\"roll-icon-box\">\r\n\t\t\t\t\t\t\t\t\t\t\t\t\t\t\t\t<div class=\"content\">\r\n\t\t\t\t\t\t\t\t\t<h3>\r\n\t\t\t\t\t\t\t\t\t\t\t\t\t\t\t\t\t\t\t\t\t\t\t\t\t\t\t\t\t\t\t\t\t\t\t\t\t\t\t\t<\/h3>\r\n\t\t\t\t\t\t\t\t\t\t\t\t\t\t\t\t\t\r\n\t\t\t\t\t\t\t\t\t\t<h4>Mise en plan<\/h4>\n<p><img loading=\"lazy\" class=\"alignnone size-medium wp-image-738\" src=\"http:\/\/trois-barres.com\/wp-content\/uploads\/2020\/06\/Capture4-e1592922280334-300x169.png\" alt=\"\" width=\"300\" height=\"169\" srcset=\"https:\/\/trois-barres.com\/wp-content\/uploads\/2020\/06\/Capture4-e1592922280334-300x169.png 300w, https:\/\/trois-barres.com\/wp-content\/uploads\/2020\/06\/Capture4-e1592922280334-768x433.png 768w, https:\/\/trois-barres.com\/wp-content\/uploads\/2020\/06\/Capture4-e1592922280334-1024x577.png 1024w, https:\/\/trois-barres.com\/wp-content\/uploads\/2020\/06\/Capture4-e1592922280334-830x468.png 830w, https:\/\/trois-barres.com\/wp-content\/uploads\/2020\/06\/Capture4-e1592922280334-230x130.png 230w, https:\/\/trois-barres.com\/wp-content\/uploads\/2020\/06\/Capture4-e1592922280334-350x197.png 350w, https:\/\/trois-barres.com\/wp-content\/uploads\/2020\/06\/Capture4-e1592922280334-480x271.png 480w, https:\/\/trois-barres.com\/wp-content\/uploads\/2020\/06\/Capture4-e1592922280334.png 1295w\" sizes=\"(max-width: 300px) 100vw, 300px\" \/><\/p>\n<h3>Mod\u00e9lisation 3d, Mise en plan<\/h3>\n\t\t\t\t\t\t\t\t\t\t\t\t\t\t\t\t\t<\/div><!--.info-->\t\r\n\t\t\t\t\t\t\t<\/div>\r\n\t\t\t\t\t\t<\/div>\r\n\t\t\t\t\t\t\t\t\t\t\t\t\t\t\t\t\t\t\t\t\t\t\t\t\t\t\t\t\t<div class=\"service col-md-4\">\r\n\t\t\t\t\t\t\t\t\t\t\t\t\t<div class=\"roll-icon-box\">\r\n\t\t\t\t\t\t\t\t\t\t\t\t\t\t\t\t<div class=\"content\">\r\n\t\t\t\t\t\t\t\t\t<h3>\r\n\t\t\t\t\t\t\t\t\t\t\t\t\t\t\t\t\t\t\t\t\t\t\t\t\t\t\t\t\t\t\t\t\t\t\t\t\t\t\t\t<\/h3>\r\n\t\t\t\t\t\t\t\t\t\t\t\t\t\t\t\t\t\r\n\t\t\t\t\t\t\t\t\t\t<h4>Dimensionnement d&rsquo;ouvrage acier<\/h4>\n<p><img loading=\"lazy\" class=\"alignnone size-medium wp-image-736\" src=\"http:\/\/trois-barres.com\/wp-content\/uploads\/2020\/06\/Capture20-300x257.png\" alt=\"\" width=\"300\" height=\"257\" srcset=\"https:\/\/trois-barres.com\/wp-content\/uploads\/2020\/06\/Capture20-300x257.png 300w, https:\/\/trois-barres.com\/wp-content\/uploads\/2020\/06\/Capture20-768x657.png 768w, https:\/\/trois-barres.com\/wp-content\/uploads\/2020\/06\/Capture20-1024x876.png 1024w, https:\/\/trois-barres.com\/wp-content\/uploads\/2020\/06\/Capture20-830x710.png 830w, https:\/\/trois-barres.com\/wp-content\/uploads\/2020\/06\/Capture20-230x197.png 230w, https:\/\/trois-barres.com\/wp-content\/uploads\/2020\/06\/Capture20-350x299.png 350w, https:\/\/trois-barres.com\/wp-content\/uploads\/2020\/06\/Capture20-480x411.png 480w, https:\/\/trois-barres.com\/wp-content\/uploads\/2020\/06\/Capture20.png 1198w\" sizes=\"(max-width: 300px) 100vw, 300px\" \/><\/p>\n<h3>Serrurerie \/ Charpenterie<\/h3>\n\t\t\t\t\t\t\t\t\t\t\t\t\t\t\t\t\t<\/div><!--.info-->\t\r\n\t\t\t\t\t\t\t<\/div>\r\n\t\t\t\t\t\t<\/div>\r\n\t\t\t\t\t\t\t\t\t\t\t\t\t\t\t\t\t\t\t\t\t\t\t\t\t\t\t\t\t<div class=\"service col-md-4\">\r\n\t\t\t\t\t\t\t\t\t\t\t\t\t<div class=\"roll-icon-box\">\r\n\t\t\t\t\t\t\t\t\t\t\t\t\t\t\t\t<div class=\"content\">\r\n\t\t\t\t\t\t\t\t\t<h3>\r\n\t\t\t\t\t\t\t\t\t\t\t\t\t\t\t\t\t\t\t\t\t\t\t\t\t\t\t\t\t\t\t\t\t\t\t\t\t\t\t\t<\/h3>\r\n\t\t\t\t\t\t\t\t\t\t\t\t\t\t\t\t\t\r\n\t\t\t\t\t\t\t\t\t\t<h4>Etudes Assemblages EC3<\/h4>\n<p><img loading=\"lazy\" class=\"alignnone size-medium wp-image-613\" src=\"http:\/\/trois-barres.com\/wp-content\/uploads\/2020\/06\/TMP1-300x292.png\" alt=\"\" width=\"300\" height=\"292\" srcset=\"https:\/\/trois-barres.com\/wp-content\/uploads\/2020\/06\/TMP1-300x292.png 300w, https:\/\/trois-barres.com\/wp-content\/uploads\/2020\/06\/TMP1-768x746.png 768w, https:\/\/trois-barres.com\/wp-content\/uploads\/2020\/06\/TMP1-830x807.png 830w, https:\/\/trois-barres.com\/wp-content\/uploads\/2020\/06\/TMP1-230x223.png 230w, https:\/\/trois-barres.com\/wp-content\/uploads\/2020\/06\/TMP1-350x340.png 350w, https:\/\/trois-barres.com\/wp-content\/uploads\/2020\/06\/TMP1-480x466.png 480w, https:\/\/trois-barres.com\/wp-content\/uploads\/2020\/06\/TMP1.png 883w\" sizes=\"(max-width: 300px) 100vw, 300px\" \/><\/p>\n<h3>V\u00e9rification des profil\u00e9s, platines, boulonnerie et soudures. Analyse de la raideur de l&rsquo;assemblage.<\/h3>\n\t\t\t\t\t\t\t\t\t\t\t\t\t\t\t\t\t<\/div><!--.info-->\t\r\n\t\t\t\t\t\t\t<\/div>\r\n\t\t\t\t\t\t<\/div>\r\n\t\t\t\t\t\t\t\t\t\t\t\t\t\t\t\t\t\t\t\t\t\t\t\t\t\t\t\t\t<div class=\"service col-md-4\">\r\n\t\t\t\t\t\t\t\t\t\t\t\t\t<div class=\"roll-icon-box\">\r\n\t\t\t\t\t\t\t\t\t\t\t\t\t\t\t\t<div class=\"content\">\r\n\t\t\t\t\t\t\t\t\t<h3>\r\n\t\t\t\t\t\t\t\t\t\t\t\t\t\t\t\t\t\t\t\t\t\t\t\t\t\t\t\t\t\t\t\t\t\t\t\t\t\t\t\t<\/h3>\r\n\t\t\t\t\t\t\t\t\t\t\t\t\t\t\t\t\t\r\n\t\t\t\t\t\t\t\t\t\t<h4>Etudes de structures<\/h4>\n<p><img loading=\"lazy\" class=\"alignnone size-medium wp-image-463\" src=\"http:\/\/trois-barres.com\/wp-content\/uploads\/2020\/06\/Capture14-300x200.png\" alt=\"\" width=\"300\" height=\"200\" srcset=\"https:\/\/trois-barres.com\/wp-content\/uploads\/2020\/06\/Capture14-300x200.png 300w, https:\/\/trois-barres.com\/wp-content\/uploads\/2020\/06\/Capture14-768x513.png 768w, https:\/\/trois-barres.com\/wp-content\/uploads\/2020\/06\/Capture14-1024x684.png 1024w, https:\/\/trois-barres.com\/wp-content\/uploads\/2020\/06\/Capture14-830x554.png 830w, https:\/\/trois-barres.com\/wp-content\/uploads\/2020\/06\/Capture14-230x154.png 230w, https:\/\/trois-barres.com\/wp-content\/uploads\/2020\/06\/Capture14-350x234.png 350w, https:\/\/trois-barres.com\/wp-content\/uploads\/2020\/06\/Capture14-480x320.png 480w, https:\/\/trois-barres.com\/wp-content\/uploads\/2020\/06\/Capture14-272x182.png 272w, https:\/\/trois-barres.com\/wp-content\/uploads\/2020\/06\/Capture14.png 2036w\" sizes=\"(max-width: 300px) 100vw, 300px\" \/><\/p>\n<h3>V\u00e9rification d&rsquo;ouvrages selon l&rsquo;Eurocode 3.<\/h3>\n\t\t\t\t\t\t\t\t\t\t\t\t\t\t\t\t\t<\/div><!--.info-->\t\r\n\t\t\t\t\t\t\t<\/div>\r\n\t\t\t\t\t\t<\/div>\r\n\t\t\t\t\t\t\t\t\t\t\t\t\t\t\t\t\t\t\t\t\t\t\t\t\t\t\t\t\t<div class=\"service col-md-4\">\r\n\t\t\t\t\t\t\t\t\t\t\t\t\t<div class=\"roll-icon-box\">\r\n\t\t\t\t\t\t\t\t\t\t\t\t\t\t\t\t<div class=\"content\">\r\n\t\t\t\t\t\t\t\t\t<h3>\r\n\t\t\t\t\t\t\t\t\t\t\t\t\t\t\t\t\t\t\t\t\t\t\t\t\t\t\t\t\t\t\t\t\t\t\t\t\t\t\t\t<\/h3>\r\n\t\t\t\t\t\t\t\t\t\t\t\t\t\t\t\t\t\r\n\t\t\t\t\t\t\t\t\t\t<h4>Etudes m\u00e9caniques<\/h4>\n<p><img loading=\"lazy\" class=\"alignnone size-medium wp-image-603\" src=\"http:\/\/trois-barres.com\/wp-content\/uploads\/2020\/06\/Capture6-1-300x118.png\" alt=\"\" width=\"300\" height=\"118\" srcset=\"https:\/\/trois-barres.com\/wp-content\/uploads\/2020\/06\/Capture6-1-300x118.png 300w, https:\/\/trois-barres.com\/wp-content\/uploads\/2020\/06\/Capture6-1-768x302.png 768w, https:\/\/trois-barres.com\/wp-content\/uploads\/2020\/06\/Capture6-1-1024x403.png 1024w, https:\/\/trois-barres.com\/wp-content\/uploads\/2020\/06\/Capture6-1-830x327.png 830w, https:\/\/trois-barres.com\/wp-content\/uploads\/2020\/06\/Capture6-1-230x91.png 230w, https:\/\/trois-barres.com\/wp-content\/uploads\/2020\/06\/Capture6-1-350x138.png 350w, https:\/\/trois-barres.com\/wp-content\/uploads\/2020\/06\/Capture6-1-480x189.png 480w\" sizes=\"(max-width: 300px) 100vw, 300px\" \/><\/p>\n<h3>Calcul par \u00e9l\u00e9ments finis. Mod\u00e8les surfaciques, volumiques, lin\u00e9aire, non-lin\u00e9aire&#8230;<\/h3>\n\t\t\t\t\t\t\t\t\t\t\t\t\t\t\t\t\t<\/div><!--.info-->\t\r\n\t\t\t\t\t\t\t<\/div>\r\n\t\t\t\t\t\t<\/div>\r\n\t\t\t\t\t\r\n\t\t\t\t\t\t\t\t\r\n\t<\/div><\/div><\/div><\/div><\/div><\/div>","protected":false},"excerpt":{"rendered":"<p>Calcul de Structure Le calcul de structure peut constituer la premi\u00e8re \u00e9tape dans la r\u00e9alisation d&rsquo;un projet. Vous souhaitez pr\u00e9-dimensionner votre concept, r\u00e9aliser sa descente de charge ou en estimer son co\u00fbt. Plusieurs outils peuvent \u00eatre mis \u00e0 votre disposition afin de vous accompagner dans votre d\u00e9veloppement. Trois Barres r\u00e9alise des \u00e9tudes d&rsquo;ouvrages m\u00e9talliques pour [&hellip;]<\/p>\n","protected":false},"author":1,"featured_media":0,"parent":0,"menu_order":0,"comment_status":"closed","ping_status":"closed","template":"page-templates\/page_front-page.php","meta":[],"_links":{"self":[{"href":"https:\/\/trois-barres.com\/index.php?rest_route=\/wp\/v2\/pages\/715"}],"collection":[{"href":"https:\/\/trois-barres.com\/index.php?rest_route=\/wp\/v2\/pages"}],"about":[{"href":"https:\/\/trois-barres.com\/index.php?rest_route=\/wp\/v2\/types\/page"}],"author":[{"embeddable":true,"href":"https:\/\/trois-barres.com\/index.php?rest_route=\/wp\/v2\/users\/1"}],"replies":[{"embeddable":true,"href":"https:\/\/trois-barres.com\/index.php?rest_route=%2Fwp%2Fv2%2Fcomments&post=715"}],"version-history":[{"count":23,"href":"https:\/\/trois-barres.com\/index.php?rest_route=\/wp\/v2\/pages\/715\/revisions"}],"predecessor-version":[{"id":756,"href":"https:\/\/trois-barres.com\/index.php?rest_route=\/wp\/v2\/pages\/715\/revisions\/756"}],"wp:attachment":[{"href":"https:\/\/trois-barres.com\/index.php?rest_route=%2Fwp%2Fv2%2Fmedia&parent=715"}],"curies":[{"name":"wp","href":"https:\/\/api.w.org\/{rel}","templated":true}]}}